{"id":958,"date":"2022-03-30T11:44:22","date_gmt":"2022-03-30T09:44:22","guid":{"rendered":"https:\/\/eine-welt-erleben.de\/?page_id=958"},"modified":"2026-04-15T11:56:58","modified_gmt":"2026-04-15T09:56:58","slug":"kontakt","status":"publish","type":"page","link":"https:\/\/eine-welt-erleben.de\/index.php\/kontakt\/","title":{"rendered":"Kontakt I Impressum"},"content":{"rendered":"\n<p>eine-welt-engagement e.v.<\/p>\n\n\n\n<p>Postfach 100523<\/p>\n\n\n\n<p>D\u201452305 D\u00fcren<\/p>\n\n\n\n<hr class=\"wp-block-separator has-text-color has-luminous-vivid-orange-color has-css-opacity has-luminous-vivid-orange-background-color has-background is-style-wide\"\/>\n\n\n\n<p><strong>Spendenkonto: <\/strong><br>Sparkasse D\u00fcren &#8211; IBAN: DE19395501100056302060 &#8211; BIC:&nbsp;&nbsp;&nbsp; SDUEDE33<\/p>\n\n\n\n<hr class=\"wp-block-separator has-text-color has-luminous-vivid-orange-color has-css-opacity has-luminous-vivid-orange-background-color has-background is-style-wide\"\/>\n\n\n\n<p><strong>Vorsitzender:<\/strong> Guido Sch\u00fcrenberg &#8211; <a href=\"mailto:guido.schuerenberg@eine-welt-erleben.de\">guido.schuerenberg@eine-welt-erleben.de<\/a><\/p>\n\n\n\n<p><a href=\"mailto:info@eine-welt-engagement.de\">info@eine-welt-engagement.de<\/a><\/p>\n\n\n\n<p><a href=\"http:\/\/www.eine-welt-engagement.de\">www.eine-welt-engagement.de<\/a> &#8211; <a href=\"http:\/\/www.eine-welt-erleben.de\">www.eine-welt-erleben.de<\/a><\/p>\n\n\n\n<p><strong>Facebook<\/strong>: EWE eine-welt-engagement<\/p>\n\n\n\n<p><strong>Instagram:<\/strong> eine_welt_engagement<\/p>\n\n\n\n<hr class=\"wp-block-separator has-alpha-channel-opacity is-style-wide\"\/>\n\n\n\n<h2 class=\"wp-block-heading\">Impressum:<\/h2>\n\n\n\n<p>F\u00fcr das vorliegende Informationsangebot <a href=\"https:\/\/eine-welt-erleben.de\/\">https:\/\/eine-welt-erleben.de\/<\/a><\/p>\n\n\n\n<p>zeichnen folgende Einrichtung bzw. Personen verantwortlich im Sinne der einschl\u00e4gigen gesetzlichen Bestimmungen:<\/p>\n\n\n\n<p>eine-welt-engagement e.v.<br>Guido Sch\u00fcrenberg<br>Katharinenstr.20<br>52353 D\u00fcren<br>Tel: 02421\/87988<br>Email: guido.schuerenberg@eine-welt-erleben.de<\/p>\n\n\n\n<h4 class=\"wp-block-heading\">Verantwortlich im Sinne der Presse:<\/h4>\n\n\n\n<p>Inhaltlich verantwortlich: Guido Sch\u00fcrenberg &#8211; guido.schuerenberg@eine-welt-erleben.de<br>Technisch verantwortlich: Robert Kamuda<\/p>\n\n\n\n<p>Hier dargestellte, dynamisch ausgelesene Informationen wie Nachrichten, Veranstaltungshinweise und Foren k\u00f6nnen dem allgemeinen Informationspool der Internet-Plattform entspringen. In diesem Fall zeichnet der Tr\u00e4ger medienrechtlich verantwortlich, der diese Information zur Verf\u00fcgung gestellt hat. Ein separates Impressum im Bereich, aus dem die Informationsdaten stammen, benennt diesen Tr\u00e4ger.<\/p>\n\n\n\n<h3 class=\"wp-block-heading\">Rechtliche Hinweise<\/h3>\n\n\n\n<p>Zugang und Nutzung f\u00fcr Besucher dieser Website unterliegen den folgenden Bestimmungen. Falls Sie mit diesen Bestimmungen nicht einverstanden sind, nutzen Sie diese Website bitte nicht. Durch weitere Nutzung der Seiten dokumentieren Sie ihr Einverst\u00e4ndnis mit den aufgef\u00fchrten Nutzungsbedingungen.<\/p>\n\n\n\n<h3 class=\"wp-block-heading\">Urheberrechtlicher Hinweis<\/h3>\n\n\n\n<p>Die vorliegenden Inhalte unseres Internetauftrittes sind urheberrechtlich gesch\u00fctzt. Alle Rechte sind vorbehalten. Die Verwendung der Texte und Abbildungen, auch auszugsweise, zu anderen als pers\u00f6nlichen Zwecken verst\u00f6\u00dft gegen die Bestimmungen des Urheberrechts und ist damit rechtswidrig, sofern wir einer solchen Verwendung nicht vorab schriftlich zugestimmt haben. Dies gilt insbesondere f\u00fcr s\u00e4mtliche eventuellen Verwertungsrechte wie Vervielf\u00e4ltigung, \u00dcbersetzung oder Verwendung in elektronischen Systemen. Werden die Inhalte zu pers\u00f6nlichen Zwecken verwendet, so d\u00fcrfen die Informationen in keiner Weise ver\u00e4ndert und s\u00e4mtliche Darstellungen der Website nur zusammen mit dem dazugeh\u00f6rigen Text verwendet werden. In den Internet-Auftritten werden m\u00f6glicherweise eingetragene Marken, Handelsnamen, Gebrauchsmuster und Logos verwendet. Auch wenn diese nicht als solche gekennzeichnet sind, gelten die entsprechenden gesetzlichen Bestimmungen.<\/p>\n\n\n\n<h3 class=\"wp-block-heading\">Haftungsbeschr\u00e4nkung<\/h3>\n\n\n\n<p>Wir sind als Inhaltsanbieter nach \u00a7 7 Telemediengesetz f\u00fcr unsere &#8222;eigenen Inhalte&#8220;, welche wir auf unserer Website zur Nutzung bereitstellen, verantwortlich und haben die auf dieser Website gesammelten Informationen sorgf\u00e4ltig zusammengestellt. Wir sind bem\u00fcht, unser Informationsangebot stetig zu erweitern und aktuell zu halten. Gleichwohl k\u00f6nnen Informationen veraltet oder aus anderen Gr\u00fcnden \u00fcberholt oder unbrauchbar bzw. unrichtig sein. Die Informationen und Angaben auf diesen Seiten stellen daher unter keinem Umstand eine Zusicherung oder Garantie dar, sei sie ausdr\u00fccklich oder stillschweigend.&nbsp;<br>Mit Nutzung unseres Internetangebotes wird das Einverst\u00e4ndnis erkl\u00e4rt, auf diese Website und deren Inhalte auf eigenes Risiko zuzugreifen. Weder das Bistum noch Dritte, die in die Erstellung, Produktion oder \u00dcbermittlung dieser Website involviert sind, haften f\u00fcr Sch\u00e4den oder Verletzungen, die sich aus dem Zugang oder der Unm\u00f6glichkeit des Zugangs, der Nutzung oder Unm\u00f6glichkeit der Nutzung dieser Website oder aus dem Umstand entstehen, dass Sie sich auf eine Information verlassen, die auf dieser Website enthalten ist.<\/p>\n\n\n\n<h3 class=\"wp-block-heading\">Haftung f\u00fcr Links<\/h3>\n\n\n\n<p>Von den in unserer Website bereitgestellten &#8222;eigenen Inhalten&#8220; sind Querverweise (im folgenden auch &#8222;Links&#8220;) auf die von anderen Anbietern bereitgehaltenen Inhalte zu unterscheiden (\u00a7 8 Telemediengesetz). Wir weisen ausdr\u00fccklich darauf hin, dass wir uns die Inhalte auf den verlinkten Websites nicht zu eigen machen. F\u00fcr diese &#8222;fremden Inhalte&#8220; sind wir nicht verantwortlich, da wir die \u00dcbermittlung der Information nicht veranlasst, den Adressaten der \u00fcbermittelten Informationen nicht ausgew\u00e4hlt und auch die \u00fcbermittelten Informationen nicht ausgew\u00e4hlt oder ver\u00e4ndert haben.<\/p>\n\n\n\n<h3 class=\"wp-block-heading\">Anwendbares Recht<\/h3>\n\n\n\n<p>S\u00e4mtliche in Verbindung mit der Nutzung dieser Website oder mit ihr sonst in Zusammenhang stehenden Anspr\u00fcche unterliegen dem Recht der Bundesrepublik Deutschland einschlie\u00dflich der Regelungen des Internationalen Privatrechts.<\/p>\n\n\n\n<h3 class=\"wp-block-heading\"><a href=\"https:\/\/eine-welt-erleben.de\/index.php\/datenschutzerklaerung\/\" data-type=\"page\" data-id=\"526\">Datenschutz:<\/a><\/h3>\n\n\n\n<p><\/p>\n","protected":false},"excerpt":{"rendered":"<p>eine-welt-engagement e.v. Postfach 100523 D\u201452305 D\u00fcren Spendenkonto: Sparkasse D\u00fcren &#8211; IBAN: DE19395501100056302060 &#8211; BIC:&nbsp;&nbsp;&nbsp; SDUEDE33 Vorsitzender: Guido Sch\u00fcrenberg &#8211; guido.schuerenberg@eine-welt-erleben.de info@eine-welt-engagement.de www.eine-welt-engagement.de &#8211; www.eine-welt-erleben.de Facebook: EWE eine-welt-engagement Instagram: eine_welt_engagement Impressum: F\u00fcr das vorliegende Informationsangebot https:\/\/eine-welt-erleben.de\/ zeichnen folgende Einrichtung bzw. Personen verantwortlich im Sinne der einschl\u00e4gigen gesetzlichen Bestimmungen: eine-welt-engagement e.v.Guido Sch\u00fcrenbergKatharinenstr.2052353 D\u00fcrenTel: 02421\/87988Email: guido.schuerenberg@eine-welt-erleben.de Verantwortlich im &hellip; <\/p>\n<p><a class=\"more-link btn\" href=\"https:\/\/eine-welt-erleben.de\/index.php\/kontakt\/\">Weiterlesen<\/a><\/p>\n","protected":false},"author":2,"featured_media":174,"parent":0,"menu_order":0,"comment_status":"closed","ping_status":"closed","template":"","meta":{"footnotes":""},"class_list":["post-958","page","type-page","status-publish","has-post-thumbnail","hentry","nodate","item-wrap"],"_links":{"self":[{"href":"https:\/\/eine-welt-erleben.de\/index.php\/wp-json\/wp\/v2\/pages\/958","targetHints":{"allow":["GET"]}}],"collection":[{"href":"https:\/\/eine-welt-erleben.de\/index.php\/wp-json\/wp\/v2\/pages"}],"about":[{"href":"https:\/\/eine-welt-erleben.de\/index.php\/wp-json\/wp\/v2\/types\/page"}],"author":[{"embeddable":true,"href":"https:\/\/eine-welt-erleben.de\/index.php\/wp-json\/wp\/v2\/users\/2"}],"replies":[{"embeddable":true,"href":"https:\/\/eine-welt-erleben.de\/index.php\/wp-json\/wp\/v2\/comments?post=958"}],"version-history":[{"count":6,"href":"https:\/\/eine-welt-erleben.de\/index.php\/wp-json\/wp\/v2\/pages\/958\/revisions"}],"predecessor-version":[{"id":1139,"href":"https:\/\/eine-welt-erleben.de\/index.php\/wp-json\/wp\/v2\/pages\/958\/revisions\/1139"}],"wp:featuredmedia":[{"embeddable":true,"href":"https:\/\/eine-welt-erleben.de\/index.php\/wp-json\/wp\/v2\/media\/174"}],"wp:attachment":[{"href":"https:\/\/eine-welt-erleben.de\/index.php\/wp-json\/wp\/v2\/media?parent=958"}],"curies":[{"name":"wp","href":"https:\/\/api.w.org\/{rel}","templated":true}]}}

<p>eine-welt-engagement e.v.</p>



<p>Postfach 100523</p>



<p>D—52305 Düren</p>



<hr class="wp-block-separator has-text-color has-luminous-vivid-orange-color has-css-opacity has-luminous-vivid-orange-background-color has-background is-style-wide"/>



<p><strong>Spendenkonto: </strong><br>Sparkasse Düren &#8211; IBAN: DE19395501100056302060 &#8211; BIC:&nbsp;&nbsp;&nbsp; SDUEDE33</p>



<hr class="wp-block-separator has-text-color has-luminous-vivid-orange-color has-css-opacity has-luminous-vivid-orange-background-color has-background is-style-wide"/>



<p><strong>Vorsitzender:</strong> Guido Schürenberg &#8211; <a href="mailto:guido.schuerenberg@eine-welt-erleben.de">guido.schuerenberg@eine-welt-erleben.de</a></p>



<p><a href="mailto:info@eine-welt-engagement.de">info@eine-welt-engagement.de</a></p>



<p><a href="http://www.eine-welt-engagement.de">www.eine-welt-engagement.de</a> &#8211; <a href="http://www.eine-welt-erleben.de">www.eine-welt-erleben.de</a></p>



<p><strong>Facebook</strong>: EWE eine-welt-engagement</p>



<p><strong>Instagram:</strong> eine_welt_engagement</p>



<hr class="wp-block-separator has-alpha-channel-opacity is-style-wide"/>



<h2 class="wp-block-heading">Impressum:</h2>



<p>Für das vorliegende Informationsangebot <a href="https://eine-welt-erleben.de/">https://eine-welt-erleben.de/</a></p>



<p>zeichnen folgende Einrichtung bzw. Personen verantwortlich im Sinne der einschlägigen gesetzlichen Bestimmungen:</p>



<p>eine-welt-engagement e.v.<br>Guido Schürenberg<br>Katharinenstr.20<br>52353 Düren<br>Tel: 02421/87988<br>Email: guido.schuerenberg@eine-welt-erleben.de</p>



<h4 class="wp-block-heading">Verantwortlich im Sinne der Presse:</h4>



<p>Inhaltlich verantwortlich: Guido Schürenberg &#8211; guido.schuerenberg@eine-welt-erleben.de<br>Technisch verantwortlich: Robert Kamuda</p>



<p>Hier dargestellte, dynamisch ausgelesene Informationen wie Nachrichten, Veranstaltungshinweise und Foren können dem allgemeinen Informationspool der Internet-Plattform entspringen. In diesem Fall zeichnet der Träger medienrechtlich verantwortlich, der diese Information zur Verfügung gestellt hat. Ein separates Impressum im Bereich, aus dem die Informationsdaten stammen, benennt diesen Träger.</p>



<h3 class="wp-block-heading">Rechtliche Hinweise</h3>



<p>Zugang und Nutzung für Besucher dieser Website unterliegen den folgenden Bestimmungen. Falls Sie mit diesen Bestimmungen nicht einverstanden sind, nutzen Sie diese Website bitte nicht. Durch weitere Nutzung der Seiten dokumentieren Sie ihr Einverständnis mit den aufgeführten Nutzungsbedingungen.</p>



<h3 class="wp-block-heading">Urheberrechtlicher Hinweis</h3>



<p>Die vorliegenden Inhalte unseres Internetauftrittes sind urheberrechtlich geschützt. Alle Rechte sind vorbehalten. Die Verwendung der Texte und Abbildungen, auch auszugsweise, zu anderen als persönlichen Zwecken verstößt gegen die Bestimmungen des Urheberrechts und ist damit rechtswidrig, sofern wir einer solchen Verwendung nicht vorab schriftlich zugestimmt haben. Dies gilt insbesondere für sämtliche eventuellen Verwertungsrechte wie Vervielfältigung, Übersetzung oder Verwendung in elektronischen Systemen. Werden die Inhalte zu persönlichen Zwecken verwendet, so dürfen die Informationen in keiner Weise verändert und sämtliche Darstellungen der Website nur zusammen mit dem dazugehörigen Text verwendet werden. In den Internet-Auftritten werden möglicherweise eingetragene Marken, Handelsnamen, Gebrauchsmuster und Logos verwendet. Auch wenn diese nicht als solche gekennzeichnet sind, gelten die entsprechenden gesetzlichen Bestimmungen.</p>



<h3 class="wp-block-heading">Haftungsbeschränkung</h3>



<p>Wir sind als Inhaltsanbieter nach § 7 Telemediengesetz für unsere &#8222;eigenen Inhalte&#8220;, welche wir auf unserer Website zur Nutzung bereitstellen, verantwortlich und haben die auf dieser Website gesammelten Informationen sorgfältig zusammengestellt. Wir sind bemüht, unser Informationsangebot stetig zu erweitern und aktuell zu halten. Gleichwohl können Informationen veraltet oder aus anderen Gründen überholt oder unbrauchbar bzw. unrichtig sein. Die Informationen und Angaben auf diesen Seiten stellen daher unter keinem Umstand eine Zusicherung oder Garantie dar, sei sie ausdrücklich oder stillschweigend.&nbsp;<br>Mit Nutzung unseres Internetangebotes wird das Einverständnis erklärt, auf diese Website und deren Inhalte auf eigenes Risiko zuzugreifen. Weder das Bistum noch Dritte, die in die Erstellung, Produktion oder Übermittlung dieser Website involviert sind, haften für Schäden oder Verletzungen, die sich aus dem Zugang oder der Unmöglichkeit des Zugangs, der Nutzung oder Unmöglichkeit der Nutzung dieser Website oder aus dem Umstand entstehen, dass Sie sich auf eine Information verlassen, die auf dieser Website enthalten ist.</p>



<h3 class="wp-block-heading">Haftung für Links</h3>



<p>Von den in unserer Website bereitgestellten &#8222;eigenen Inhalten&#8220; sind Querverweise (im folgenden auch &#8222;Links&#8220;) auf die von anderen Anbietern bereitgehaltenen Inhalte zu unterscheiden (§ 8 Telemediengesetz). Wir weisen ausdrücklich darauf hin, dass wir uns die Inhalte auf den verlinkten Websites nicht zu eigen machen. Für diese &#8222;fremden Inhalte&#8220; sind wir nicht verantwortlich, da wir die Übermittlung der Information nicht veranlasst, den Adressaten der übermittelten Informationen nicht ausgewählt und auch die übermittelten Informationen nicht ausgewählt oder verändert haben.</p>



<h3 class="wp-block-heading">Anwendbares Recht</h3>



<p>Sämtliche in Verbindung mit der Nutzung dieser Website oder mit ihr sonst in Zusammenhang stehenden Ansprüche unterliegen dem Recht der Bundesrepublik Deutschland einschließlich der Regelungen des Internationalen Privatrechts.</p>



<h3 class="wp-block-heading"><a href="https://eine-welt-erleben.de/index.php/datenschutzerklaerung/" data-type="page" data-id="526">Datenschutz:</a></h3>



<p></p>

<p>eine-welt-engagement e.v. Postfach 100523 D—52305 Düren Spendenkonto: Sparkasse Düren &#8211; IBAN: DE19395501100056302060 &#8211; BIC:&nbsp;&nbsp;&nbsp; SDUEDE33 Vorsitzender: Guido Schürenberg &#8211; guido.schuerenberg@eine-welt-erleben.de info@eine-welt-engagement.de www.eine-welt-engagement.de &#8211; www.eine-welt-erleben.de Facebook: EWE eine-welt-engagement Instagram: eine_welt_engagement Impressum: Für das vorliegende Informationsangebot https://eine-welt-erleben.de/ zeichnen folgende Einrichtung bzw. Personen verantwortlich im Sinne der einschlägigen gesetzlichen Bestimmungen: eine-welt-engagement e.v.Guido SchürenbergKatharinenstr.2052353 DürenTel: 02421/87988Email: guido.schuerenberg@eine-welt-erleben.de Verantwortlich im &hellip; </p>
<p><a class="more-link btn" href="https://eine-welt-erleben.de/index.php/kontakt/">Weiterlesen</a></p>
